{"id":335,"date":"2020-12-20T16:33:50","date_gmt":"2020-12-20T15:33:50","guid":{"rendered":"http:\/\/direta.com.pl\/?page_id=335"},"modified":"2022-07-14T17:52:32","modified_gmt":"2022-07-14T15:52:32","slug":"kontakt","status":"publish","type":"page","link":"http:\/\/direta.com.pl\/?page_id=335","title":{"rendered":"Kontakt"},"content":{"rendered":"\n<p><\/p>\n\n\n\n<p><strong>Szko\u0142a Wspinania Klubu Sport\u00f3w G\u00f3rskich DIRETA<\/strong><\/p>\n\n\n\n<p>NIP 7842153558<\/p>\n\n\n\n<p>telefon 693148200 <\/p>\n\n\n\n<p>email <a rel=\"noreferrer noopener\" href=\"mailto:szkolawspinaniadireta@gmail.com\" target=\"_blank\">szkolawspinaniadireta@gmail.com<\/a> <\/p>\n\n\n\n<p><a href=\"https:\/\/www.facebook.com\/szkola.wspinania.direta\" target=\"_blank\" rel=\"noreferrer noopener\"><strong>FACEBOOK<\/strong><\/a><\/p>\n\n\n\n<p><strong><a href=\"https:\/\/www.youtube.com\/channel\/UCdgaDJJxCOQJM5lsfpLMWgA\" target=\"_blank\" rel=\"noreferrer noopener\">YOUTUBE<\/a><\/strong><\/p>\n\n\n\n<figure class=\"wp-block-image size-large is-resized is-style-rounded\"><img loading=\"lazy\" src=\"http:\/\/direta.com.pl\/wp-content\/uploads\/2020\/12\/naklejka.jpg\" alt=\"\" class=\"wp-image-357\" width=\"155\" height=\"157\" srcset=\"http:\/\/direta.com.pl\/wp-content\/uploads\/2020\/12\/naklejka.jpg 543w, http:\/\/direta.com.pl\/wp-content\/uploads\/2020\/12\/naklejka-296x300.jpg 296w, http:\/\/direta.com.pl\/wp-content\/uploads\/2020\/12\/naklejka-100x100.jpg 100w\" sizes=\"(max-width: 155px) 100vw, 155px\" \/><\/figure>\n\n\n\n<h1><strong><span class=\"has-inline-color has-vivid-purple-color\">NASZA DIRETOWA RODZINA W INTERNECIE:<\/span><\/strong><\/h1>\n\n\n\n<div class=\"wp-block-buttons\">\n<div class=\"wp-block-button\"><a class=\"wp-block-button__link has-luminous-dusk-gradient-background has-background\" href=\"http:\/\/www.wspinanie.gniezno.pl\/\" target=\"_blank\" rel=\"noreferrer noopener\">Klub Sport\u00f3w G\u00f3rskich DIRETA<\/a><\/div>\n\n\n\n<div class=\"wp-block-button\"><a class=\"wp-block-button__link has-luminous-dusk-gradient-background has-background\" href=\"http:\/\/direta.com.pl\/\" target=\"_blank\" rel=\"noreferrer noopener\">Szko\u0142a Wspinania DIRETA<\/a><\/div>\n\n\n\n<div class=\"wp-block-button\"><a class=\"wp-block-button__link has-luminous-dusk-gradient-background has-background\" href=\"http:\/\/sciankiwspinaczkowe.gniezno.pl\/\" target=\"_blank\" rel=\"noreferrer noopener\">\u015acianki Wspinaczkowe DIRETA<\/a><\/div>\n\n\n\n<div class=\"wp-block-button\"><a class=\"wp-block-button__link has-luminous-dusk-gradient-background has-background\" href=\"http:\/\/terrafilmy.pl\/\" target=\"_blank\" rel=\"noreferrer noopener\">Przegl\u0105d Film\u00f3w G\u00f3rskich TERRA INCOGNITA<\/a><\/div>\n<\/div>\n","protected":false},"excerpt":{"rendered":"<p>Szko\u0142a Wspinania Klubu Sport\u00f3w G\u00f3rskich DIRETA NIP 7842153558 telefon 693148200 email szkolawspinaniadireta@gmail.com FACEBOOK YOUTUBE NASZA DIRETOWA RODZINA W INTERNECIE:<\/p>\n","protected":false},"author":1,"featured_media":0,"parent":0,"menu_order":0,"comment_status":"closed","ping_status":"closed","template":"","meta":[],"_links":{"self":[{"href":"http:\/\/direta.com.pl\/index.php?rest_route=\/wp\/v2\/pages\/335"}],"collection":[{"href":"http:\/\/direta.com.pl\/index.php?rest_route=\/wp\/v2\/pages"}],"about":[{"href":"http:\/\/direta.com.pl\/index.php?rest_route=\/wp\/v2\/types\/page"}],"author":[{"embeddable":true,"href":"http:\/\/direta.com.pl\/index.php?rest_route=\/wp\/v2\/users\/1"}],"replies":[{"embeddable":true,"href":"http:\/\/direta.com.pl\/index.php?rest_route=%2Fwp%2Fv2%2Fcomments&post=335"}],"version-history":[{"count":10,"href":"http:\/\/direta.com.pl\/index.php?rest_route=\/wp\/v2\/pages\/335\/revisions"}],"predecessor-version":[{"id":1160,"href":"http:\/\/direta.com.pl\/index.php?rest_route=\/wp\/v2\/pages\/335\/revisions\/1160"}],"wp:attachment":[{"href":"http:\/\/direta.com.pl\/index.php?rest_route=%2Fwp%2Fv2%2Fmedia&parent=335"}],"curies":[{"name":"wp","href":"https:\/\/api.w.org\/{rel}","templated":true}]}}